20103302 (base 5) in base 15?
-32552
What is -10934b9 (base 12) in base 11?
-1881074
What is -11275421 (base 8) in base 6?
-124351533
Convert 32091 (base 10) to base 8.
76533
-1000202201121 (base 3) to base 10
-546550
Convert -191180 (base 14) to base 9.
-1601183
-10120220222201 (base 3) to base 15
-27a40a
Convert -11110001010000111 (base 2) to base 5.
-12423102
Convert -5214325 (base 6) to base 16.
-3d4ed
What is -4254637 (base 8) in base 13?
-30a71a
2284614 (base 9) to base 3
2022211200111
-2346815 (base 13) to base 10
-10896293
-12570224 (base 8) to base 14
-533792
1079b4 (base 14) to base 4
2020131222
Convert -282553 (base 10) to base 5.
-33020203
Convert 202011002201 (base 3) to base 10.
396649
5938943 (base 10) to base 14
b084a3
What is -1411122422 (base 5) in base 6?
-205244000
12120011210122 (base 3) to base 12
ba6752
-12dd0cb (base 14) to base 3
-122012101022221
-56944 (base 12) to base 8
-341304
-1000110001010010100 (base 2) to base 3
-112121012201
3369636 (base 12) to base 6
551004110
-1102454 (base 7) to base 10
-135377
What is -324510150 (base 6) in base 14?
-ab9054
220100211221010 (base 3) to base 15
120b89c
-1213051 (base 6) to base 14
-19567
Convert -33003220121 (base 4) to base 10.
-3947033
Convert 1250636 (base 7) to base 9.
268355
Convert 13224066 (base 7) to base 13.
337827
What is 4b9a69 (base 14) in base 9?
4803338
What is 2220220111000 (base 3) in base 15?
20a2b6
Convert 1025324 (base 7) to base 4.
132112223
Convert 70025 (base 10) to base 5.
4220100
Convert 31110132010 (base 4) to base 12.
1204804
182283 (base 9) to base 11
78089
Convert -3041304 (base 5) to base 10.
-49579
Convert 111ce (base 15) to base 5.
3220134
Convert 1011531 (base 7) to base 5.
12330120
What is 4b696b (base 13) in base 3?
10102011112012
4a195 (base 11) to base 16
119a3
Convert 15237204 (base 8) to base 9.
6507514
What is 23442311 (base 5) in base 13?
78584
Convert 76a26 (base 11) to base 14.
2c9d5
What is -1051264 (base 8) in base 11?
-183950
-1425024020 (base 6) to base 5
-14000432110
Convert 4365061 (base 7) to base 13.
15a678
What is -179486 (base 12) in base 2?
-1100100001001100110
What is 300632 (base 7) in base 12?
25442
Convert -b40839 (base 13) to base 16.
-4015bb
-93610 (base 13) to base 11
-170937
-b750b (base 13) to base 11
-20626a
Convert -548c (base 15) to base 10.
-17907
-6cc7da (base 14) to base 2
-1110001100110010111100
aaa03 (base 13) to base 7
2425446
1456a1 (base 11) to base 7
1634056
Convert 3b130 (base 12) to base 7.
456210
152b536 (base 12) to base 5
2044311021
547554 (base 8) to base 5
21343142
-102001230200 (base 4) to base 10
-4725536
What is -10010212220 (base 3) in base 2?
-1111000110111001
What is 5454504 (base 6) in base 7?
2211514
-23a95b (base 16) to base 9
-4351824
What is -111001101110101101 (base 2) in base 16?
-39bad
-363687 (base 9) to base 16
-35881
-32802 (base 14) to base 6
-2342122
What is -744348 (base 9) in base 4?
-1230012212
-377e3 (base 16) to base 7
-1634452
What is 58118 (base 16) in base 15?
71d38
What is -1032623 (base 7) in base 4?
-132232121
What is -111101001001001111011101 (base 2) in base 15?
-161935c
-3020520 (base 7) to base 14
-94680
-57c4 (base 13) to base 2
-11000000101000
What is -172b4 (base 14) in base 3?
-2221210121
-11100011100110000 (base 2) to base 5
-12212103
Convert 22110102020201 (base 3) to base 10.
4495924
Convert 21211100020 (base 3) to base 10.
154068
What is 130323231001 (base 4) in base 6?
430321441
420713 (base 15) to base 2
1011111110101011110111
31133113 (base 4) to base 13
1c1c5
What is -285dbe (base 15) in base 13?
-530948
What is 24808201 (base 9) in base 4?
232123031221
What is 438012 (base 15) in base 6?
152534412
What is -13022112211 (base 4) in base 8?
-7122645
Convert 13578720 (base 10) to base 2.
110011110011000111100000
Convert 324575 (base 9) to base 14.
5080a
-3197b1 (base 16) to base 7
-36424334
What is 343413 (base 6) in base 5?
1414223
-13401000 (base 6) to base 16
-6e298
54314065 (base 7) to base 5
2142030202
-117bc75 (base 14) to base 12
-2977153
88426 (base 11) to base 7
1043006
-142120104 (base 5) to base 11
-465068
9199a (base 12) to base 14
4d22a
Convert -455750 (base 9) to base 4.
-1002231222
What is -45443 (base 7) in base 5?
-332141
What is -5382738 (base 9) in base 14?
-552b40
110111110000001010111 (base 2) to base 7
21346151
What is -187057 (base 11) in base 15?
-5a308
Convert 8272258 (base 9) to base 7.
52355132
Convert -26939 (base 10) to base 14.
-9b63
-215521 (base 8) to base 16
-11b51
-102263 (base 8) to base 15
-a0eb
Convert -9094116 (base 10) to base 6.
-522530220
-26346621 (base 7) to base 5
-1104242442
What is -11134531 (base 6) in base 10?
-339319
9952 (base 10) to base 12
5914
b085a (base 15) to base 7
4515016
Convert 22805 (base 11) to base 7.
164653
165239a (base 12) to base 6
242150314
What is -31489 (base 11) in base 9?
-68777
Convert -441260 (base 8) to base 2.
-100100001010110000
-73326 (base 10) to base 5
-4321301
-12073f (base 16) to base 8
-4403477
Convert -17889 (base 13) to base 5.
-2423110
Convert -10da17 (base 15) to base 2.
-11000100101010010010
Convert 77 (base 15) to base 4.
1300
Convert -6023101 (base 7) to base 16.
-adc5f
54b6b82 (base 12) to base 11
9141333
-a89ff (base 16) to base 14
-13d9cb
Convert 326131 (base 7) to base 9.
86604
28866 (base 12) to base 4
31303032
-10233113301 (base 4) to base 6
-42344453
Convert -32442230 (base 6) to base 13.
-27c630
-224104230 (base 5) to base 9
-1788721
-5bbd2 (base 16) to base 12
-161556
64722 (base 9) to base 3
2011210202
225331 (base 7) to base 13
15460
What is 21222001222 (base 3) in base 5?
20004123
Convert -133110001 (base 5) to base 10.
-675626
Convert 5e28 (base 16) to base 13.
ac82
What is -1613332 (base 8) in base 5?
-104331402
Convert 978c3 (base 14) to base 7.
3055033
What is 2d2314 (base 15) in base 4?
20111101333
What is 325447 (base 11) in base 16?
7edc9
What is 20dc0 (base 14) in base 12?
3a050
What is -14668c (base 13) in base 7?
-4151200
55837 (base 10) to base 3
2211121001
What is 166893 (base 12) in base 13?
106251
Convert -4043124 (base 6) to base 8.
-567774
Convert -88355 (base 9) to base 10.
-58613
What is 152952 (base 15) in base 9?
1826025
-1302020321 (base 5) to base 11
-1867383
What is 5314262 (base 7) in base 3?
1012122110022
What is -130514 (base 13) in base 7?
-3614543
What is 22233130 (base 5) in base 6?
4111332
What is -34223 (base 15) in base 10?
-165858
Convert 40a32 (base 11) to base 9.
101034
111132021 (base 4) to base 11
60090
Convert 12220012120 (base 3) to base 15.
245c6
Convert -79c26 (base 13) to base 8.
-661100
What is 213103110 (base 4) in base 14?
42948
ce737 (base 16) to base 8
3163467
What is -102546 (base 8) in base 5?
-2043100
What is -507214 (base 8) in base 12?
-80b78
-2b96a (base 16) to base 15
-37d78
Convert 1422678 (base 10) to base 13.
3aa72a
What is -871c0f (base 16) in base 5?
-4231321133
What is -202200001010002 (base 3) in base 16?
-a799f6
-11000101111011100110000 (base 2) to base 9
-13174763
What is 1515140 (base 7) in base 4?
302100311
What is -425332 (base 8) in base 7?
-1131055
-434200002 (base 5) to base 11
-1064745
What is -412123 (base 5) in base 2?
-11010001100101
What is -2a9a9 (base 13) in base 12?
-3a894
What is -32240404 (base 6) in base 16?
-e8e94
What is 1413106 (base 7) in base 13?
67975
Convert -10011100112010 (base 3) to base 16.
-19a27d
35341615 (base 7) to base 6
150510204
Convert 2023021301 (base 4) to base 12.
235a15
-2332503 (base 7) to base 16
-47be0
30322130003 (base 4) to base 12
1172b6b
What is -531803 (base 11) in base 10?
-851480
-11010110110100111 (base 2) to base 14
-2c127
2848415 (base 11) to base 12
178444a
Convert 3288c (base 14) to base 9.
205841
What is 12221001202 (base 3) in base 2?
11100011111001111
Convert 11781417 (base 9) to base 2.
10110000011011100111110
Convert -565343 (base 9) to base 16.
-52a6a
What is 33321113 (base 5) in base 3?
112211121001
Convert 11110111000101111000 (base 2) to base 13.
29588c
Convert -162905 (base 13) to base 8.
-2057343
-2702741 (base 9) to base 13
-3c9b35
What is -5135153 (base 6) in base 4?
-330011031
What is -1ba008 (base 15) in base 8?
-5114570
-596145 (base 16) to base 14
-ac69a5
77862 (base 11) to base 2
11011100011001000
-10011221222 (ba